{"id":3510,"date":"2018-08-16T13:12:53","date_gmt":"2018-08-16T13:12:53","guid":{"rendered":"http:\/\/original.liquid-themes.com\/?page_id=3510"},"modified":"2018-08-16T13:12:53","modified_gmt":"2018-08-16T13:12:53","slug":"blog-masonry-alt","status":"publish","type":"page","link":"https:\/\/www.gqualcampaign.org\/old\/blog-masonry-alt\/","title":{"rendered":"Masonry &#8211; Alt"},"content":{"rendered":"<section class=\"wpb-content-wrapper\"><p>[vc_row css=&#8221;.vc_custom_1540391911659{margin-top: -90px !important;padding-bottom: 90px !important;}&#8221;][vc_column]<style>.ld_blog_69fe1f360ca23 .liquid-blog-grid{margin-left:-15px;margin-right:-15px;}.ld_blog_69fe1f360ca23 .liquid-blog-grid > div{padding-left:15px;padding-right:15px;}.ld_blog_69fe1f360ca23 .liquid-blog-grid .liquid-lp{margin-bottom:30px;}.ld_blog_69fe1f360ca23 .filter-list{margin-bottom:px;}.ld_blog_69fe1f360ca23 .liquid-blog-item .liquid-lp-title,.ld_blog_69fe1f360ca23 .liquid-lp .liquid-lp-title{margin-top:px;margin-bottom:px;}<\/style><div data-filter-id=\"ld-1540391864355-26c8ddd7-ed0e\" class=\"liquid-blog-posts ld_blog_69fe1f360ca23 ld-1540391864355-34526f05-e2c7 \" data-post-per-page=\"10\"><div class=\"liquid-blog-grid liquid-blog-style-timeline row\" data-liquid-masonry=\"true\"><div class=\"col-md-6 masonry-item\"><article id=\"post-9759\" class=\"liquid-lp liquid-blog-item liquid-blog-item-timeline liquid-blog-scheme-dark liquid-blog-scheme-dark-alt post-9759 post type-post status-publish format-standard hentry category-blog category-news category-resources\"><div class=\"liquid-lp-details\">\t\n\t\t<time class=\"published updated liquid-lp-date\" datetime=\"2023-12-22T21:54:24+00:00\">December 22, 2023<\/time><\/div><!-- \/.liquid-lp-details -->\n\n\n<a href=\"https:\/\/www.gqualcampaign.org\/old\/launching-the-gqual-rankings-2023\/\" class=\"liquid-overlay-link\">LAUNCHING THE GQUAL RANKINGS 2023<\/a>\n\n<header class=\"liquid-lp-header\">\n\t<h2 class=\"entry-title liquid-lp-title font-weight-bold h3 size-sm\"><a  href=\"https:\/\/www.gqualcampaign.org\/old\/launching-the-gqual-rankings-2023\/\" rel=\"bookmark\">LAUNCHING THE GQUAL RANKINGS 2023<\/a><\/h2><\/header>\n\n\t\t\t<div class=\"liquid-lp-excerpt entry-summary \">\n\t\t\t\t<p>We at GQUAL believe that data production is essential to understanding the picture of women\u2019s representation in<\/p>\n\t\t\t<\/div><!-- \/.latest-post-excerpt -->\n\t\t\n<footer class=\"liquid-lp-footer\">\n\t<a href=\"https:\/\/www.gqualcampaign.org\/old\/launching-the-gqual-rankings-2023\/\" class=\"btn btn-naked text-uppercase ltr-sp-1 size-sm font-weight-bold liquid-lp-read-more\">\n\t\t<span>\n\t\t\t<span class=\"btn-line btn-line-before\"><\/span>\n\t\t\t<span class=\"btn-txt\">Continue Reading<\/span>\n\t\t\t<span class=\"btn-line btn-line-after\"><\/span>\n\t\t<\/span>\n\t<\/a>\n<\/footer><\/article><\/div><div class=\"col-md-6 masonry-item\"><article id=\"post-9726\" class=\"liquid-lp liquid-blog-item liquid-blog-item-timeline liquid-blog-scheme-dark liquid-blog-scheme-dark-alt post-9726 post type-post status-publish format-standard hentry category-blog category-news category-noticias category-resources\"><div class=\"liquid-lp-details\">\t\n\t\t<time class=\"published updated liquid-lp-date\" datetime=\"2023-12-22T05:54:25+00:00\">December 22, 2023<\/time><\/div><!-- \/.liquid-lp-details -->\n\n\n<a href=\"https:\/\/www.gqualcampaign.org\/old\/launching-the-2023-gqual-rankings\/\" class=\"liquid-overlay-link\">LAUNCHING THE 2023 GQUAL RANKINGS<\/a>\n\n<header class=\"liquid-lp-header\">\n\t<h2 class=\"entry-title liquid-lp-title font-weight-bold h3 size-sm\"><a  href=\"https:\/\/www.gqualcampaign.org\/old\/launching-the-2023-gqual-rankings\/\" rel=\"bookmark\">LAUNCHING THE 2023 GQUAL RANKINGS<\/a><\/h2><\/header>\n\n\t\t\t<div class=\"liquid-lp-excerpt entry-summary \">\n\t\t\t\t<p>GQUAL GLOBAL RANKING 2023 GQUAL REGIONAL RANKING 2023 GQUAL OAS RANKING<\/p>\n\t\t\t<\/div><!-- \/.latest-post-excerpt -->\n\t\t\n<footer class=\"liquid-lp-footer\">\n\t<a href=\"https:\/\/www.gqualcampaign.org\/old\/launching-the-2023-gqual-rankings\/\" class=\"btn btn-naked text-uppercase ltr-sp-1 size-sm font-weight-bold liquid-lp-read-more\">\n\t\t<span>\n\t\t\t<span class=\"btn-line btn-line-before\"><\/span>\n\t\t\t<span class=\"btn-txt\">Continue Reading<\/span>\n\t\t\t<span class=\"btn-line btn-line-after\"><\/span>\n\t\t<\/span>\n\t<\/a>\n<\/footer><\/article><\/div><div class=\"col-md-6 masonry-item\"><article id=\"post-9703\" class=\"liquid-lp liquid-blog-item liquid-blog-item-timeline liquid-blog-scheme-dark liquid-blog-scheme-dark-alt post-9703 post type-post status-publish format-standard hentry category-blog category-news category-noticias\"><div class=\"liquid-lp-details\">\t\n\t\t<time class=\"published updated liquid-lp-date\" datetime=\"2023-12-21T22:58:07+00:00\">December 21, 2023<\/time><\/div><!-- \/.liquid-lp-details -->\n\n\n<a href=\"https:\/\/www.gqualcampaign.org\/old\/gqual-rankings-2023\/\" class=\"liquid-overlay-link\">LANZAMIENTO DE LOS GQUAL RANKINGS 2023<\/a>\n\n<header class=\"liquid-lp-header\">\n\t<h2 class=\"entry-title liquid-lp-title font-weight-bold h3 size-sm\"><a  href=\"https:\/\/www.gqualcampaign.org\/old\/gqual-rankings-2023\/\" rel=\"bookmark\">LANZAMIENTO DE LOS GQUAL RANKINGS 2023<\/a><\/h2><\/header>\n\n\t\t\t<div class=\"liquid-lp-excerpt entry-summary \">\n\t\t\t\t<p>Desde GQUAL creemos que la producci\u00f3n de datos es esencial para entender qu\u00e9 foto estamos mirando y<\/p>\n\t\t\t<\/div><!-- \/.latest-post-excerpt -->\n\t\t\n<footer class=\"liquid-lp-footer\">\n\t<a href=\"https:\/\/www.gqualcampaign.org\/old\/gqual-rankings-2023\/\" class=\"btn btn-naked text-uppercase ltr-sp-1 size-sm font-weight-bold liquid-lp-read-more\">\n\t\t<span>\n\t\t\t<span class=\"btn-line btn-line-before\"><\/span>\n\t\t\t<span class=\"btn-txt\">Continue Reading<\/span>\n\t\t\t<span class=\"btn-line btn-line-after\"><\/span>\n\t\t<\/span>\n\t<\/a>\n<\/footer><\/article><\/div><div class=\"col-md-6 masonry-item\"><article id=\"post-9709\" class=\"liquid-lp liquid-blog-item liquid-blog-item-timeline liquid-blog-scheme-dark liquid-blog-scheme-dark-alt post-9709 post type-post status-publish format-standard hentry category-blog category-news category-resources\"><div class=\"liquid-lp-details\">\t\n\t\t<time class=\"published updated liquid-lp-date\" datetime=\"2023-12-21T22:54:02+00:00\">December 21, 2023<\/time><\/div><!-- \/.liquid-lp-details -->\n\n\n<a href=\"https:\/\/www.gqualcampaign.org\/old\/gqual-global-ranking-2023\/\" class=\"liquid-overlay-link\">PRESENTACI\u00d3N DE LOS  GQUAL RANKINGS 2023<\/a>\n\n<header class=\"liquid-lp-header\">\n\t<h2 class=\"entry-title liquid-lp-title font-weight-bold h3 size-sm\"><a  href=\"https:\/\/www.gqualcampaign.org\/old\/gqual-global-ranking-2023\/\" rel=\"bookmark\">PRESENTACI\u00d3N DE LOS  GQUAL RANKINGS 2023<\/a><\/h2><\/header>\n\n\t\t\t<div class=\"liquid-lp-excerpt entry-summary \">\n\t\t\t\t<p>GQUAL RANKING GLOBAL 2023 GQUAL RANKING REGIONAL 2023 GQUAL RANKING OEA<\/p>\n\t\t\t<\/div><!-- \/.latest-post-excerpt -->\n\t\t\n<footer class=\"liquid-lp-footer\">\n\t<a href=\"https:\/\/www.gqualcampaign.org\/old\/gqual-global-ranking-2023\/\" class=\"btn btn-naked text-uppercase ltr-sp-1 size-sm font-weight-bold liquid-lp-read-more\">\n\t\t<span>\n\t\t\t<span class=\"btn-line btn-line-before\"><\/span>\n\t\t\t<span class=\"btn-txt\">Continue Reading<\/span>\n\t\t\t<span class=\"btn-line btn-line-after\"><\/span>\n\t\t<\/span>\n\t<\/a>\n<\/footer><\/article><\/div><div class=\"col-md-6 masonry-item\"><article id=\"post-9686\" class=\"liquid-lp liquid-blog-item liquid-blog-item-timeline liquid-blog-scheme-dark liquid-blog-scheme-dark-alt post-9686 post type-post status-publish format-standard hentry category-blog category-news tag-calltoaction\"><div class=\"liquid-lp-details\">\t\n\t<span><span class=\"screen-reader-text\">Tags <\/span><ul class=\"liquid-lp-category bordered text-uppercase size-sm ltr-sp-1\"><li><a href=\"https:\/\/www.gqualcampaign.org\/old\/tag\/calltoaction\/\" rel=\"tag\">calltoaction<\/a><\/li><\/ul><\/span>\t<time class=\"published updated liquid-lp-date\" datetime=\"2023-11-17T16:35:35+00:00\">November 17, 2023<\/time><\/div><!-- \/.liquid-lp-details -->\n\n\n<a href=\"https:\/\/www.gqualcampaign.org\/old\/gqual-campaign-and-giescr-call-on-states-parties-to-de-icescr-and-the-ecosoc-to-ensure-gender-parity-in-the-nomination-and-election-process-of-member-of-the-un-committee-on-economic-social-and-cultur\/\" class=\"liquid-overlay-link\">GQUAL CAMPAIGN AND GI-ESCR CALL ON STATES PARTIES TO THE ICESCR AND THE ECOSOC TO ENSURE GENDER PARITY IN THE NOMINATION AND ELECTION PROCESS OF MEMBER OF THE UN COMMITTEE ON ECONOMIC, SOCIAL AND CULTURAL RIGHTS<\/a>\n\n<header class=\"liquid-lp-header\">\n\t<h2 class=\"entry-title liquid-lp-title font-weight-bold h3 size-sm\"><a  href=\"https:\/\/www.gqualcampaign.org\/old\/gqual-campaign-and-giescr-call-on-states-parties-to-de-icescr-and-the-ecosoc-to-ensure-gender-parity-in-the-nomination-and-election-process-of-member-of-the-un-committee-on-economic-social-and-cultur\/\" rel=\"bookmark\">GQUAL CAMPAIGN AND GI-ESCR CALL ON STATES PARTIES TO THE ICESCR AND THE ECOSOC TO ENSURE GENDER PARITY IN THE NOMINATION AND ELECTION PROCESS OF MEMBER OF THE UN COMMITTEE ON ECONOMIC, SOCIAL AND CULTURAL RIGHTS<\/a><\/h2><\/header>\n\n\t\t\t<div class=\"liquid-lp-excerpt entry-summary \">\n\t\t\t\t<p>On April 9, 2024, the UN Economic and Social Council (ECOSOC) will elect 9 of the 18<\/p>\n\t\t\t<\/div><!-- \/.latest-post-excerpt -->\n\t\t\n<footer class=\"liquid-lp-footer\">\n\t<a href=\"https:\/\/www.gqualcampaign.org\/old\/gqual-campaign-and-giescr-call-on-states-parties-to-de-icescr-and-the-ecosoc-to-ensure-gender-parity-in-the-nomination-and-election-process-of-member-of-the-un-committee-on-economic-social-and-cultur\/\" class=\"btn btn-naked text-uppercase ltr-sp-1 size-sm font-weight-bold liquid-lp-read-more\">\n\t\t<span>\n\t\t\t<span class=\"btn-line btn-line-before\"><\/span>\n\t\t\t<span class=\"btn-txt\">Continue Reading<\/span>\n\t\t\t<span class=\"btn-line btn-line-after\"><\/span>\n\t\t<\/span>\n\t<\/a>\n<\/footer><\/article><\/div><div class=\"col-md-6 masonry-item\"><article id=\"post-9675\" class=\"liquid-lp liquid-blog-item liquid-blog-item-timeline liquid-blog-scheme-dark liquid-blog-scheme-dark-alt post-9675 post type-post status-publish format-standard hentry category-blog category-news\"><div class=\"liquid-lp-details\">\t\n\t\t<time class=\"published updated liquid-lp-date\" datetime=\"2023-11-01T19:14:11+00:00\">November 1, 2023<\/time><\/div><!-- \/.liquid-lp-details -->\n\n\n<a href=\"https:\/\/www.gqualcampaign.org\/old\/upcoming-elections-un-committee-on-social-economic-and-cultural-rights\/\" class=\"liquid-overlay-link\">Upcoming elections! UN Committee on Social, Economic, and Cultural Rights<\/a>\n\n<header class=\"liquid-lp-header\">\n\t<h2 class=\"entry-title liquid-lp-title font-weight-bold h3 size-sm\"><a  href=\"https:\/\/www.gqualcampaign.org\/old\/upcoming-elections-un-committee-on-social-economic-and-cultural-rights\/\" rel=\"bookmark\">Upcoming elections! UN Committee on Social, Economic, and Cultural Rights<\/a><\/h2><\/header>\n\n\t\t\t<div class=\"liquid-lp-excerpt entry-summary \">\n\t\t\t\t<p>On April 9 2024 States Parties to the International Covenant on Social, Economic, and Cultural Rights will<\/p>\n\t\t\t<\/div><!-- \/.latest-post-excerpt -->\n\t\t\n<footer class=\"liquid-lp-footer\">\n\t<a href=\"https:\/\/www.gqualcampaign.org\/old\/upcoming-elections-un-committee-on-social-economic-and-cultural-rights\/\" class=\"btn btn-naked text-uppercase ltr-sp-1 size-sm font-weight-bold liquid-lp-read-more\">\n\t\t<span>\n\t\t\t<span class=\"btn-line btn-line-before\"><\/span>\n\t\t\t<span class=\"btn-txt\">Continue Reading<\/span>\n\t\t\t<span class=\"btn-line btn-line-after\"><\/span>\n\t\t<\/span>\n\t<\/a>\n<\/footer><\/article><\/div><div class=\"col-md-6 masonry-item\"><article id=\"post-9646\" class=\"liquid-lp liquid-blog-item liquid-blog-item-timeline liquid-blog-scheme-dark liquid-blog-scheme-dark-alt post-9646 post type-post status-publish format-standard has-post-thumbnail hentry category-blog category-news\"><div class=\"liquid-lp-details\">\t\n\t\t<time class=\"published updated liquid-lp-date\" datetime=\"2023-10-02T21:44:31+00:00\">October 2, 2023<\/time><\/div><!-- \/.liquid-lp-details -->\n\n<figure class=\"liquid-lp-media \"  data-responsive-bg=\"true\" data-parallax=\"true\" data-parallax-options='{ \"parallaxBG\": true }'><a  href=\"https:\/\/www.gqualcampaign.org\/old\/consulta-de-personas-expertas-perspectivas-sobre-el-futuro-de-la-cedaw-gr-no-40\/\"><img width=\"490\" height=\"300\" src=\"data:image\/svg+xml;charset=utf-8,&lt;svg xmlns%3D&#039;http%3A%2F%2Fwww.w3.org%2F2000%2Fsvg&#039; viewBox%3D&#039;0 0 490 300&#039;%2F&gt;\" class=\"attachment-liquid-timeline-blog size-liquid-timeline-blog ld-lazyload wp-post-image\" alt=\"\" decoding=\"async\" loading=\"lazy\" srcset=\"\" sizes=\"(max-width: 490px) 100vw, 490px\" data-src=\"https:\/\/www.gqualcampaign.org\/old\/wp-content\/uploads\/2023\/09\/IMG_8331-490x300.jpg\" data-srcset=\"https:\/\/www.gqualcampaign.org\/old\/wp-content\/uploads\/2023\/09\/IMG_8331-490x300.jpg 490w, https:\/\/www.gqualcampaign.org\/old\/wp-content\/uploads\/2023\/09\/IMG_8331-570x350.jpg 570w\" data-aspect=\"1.6333333333333\" \/><\/a><\/figure>\n<a href=\"https:\/\/www.gqualcampaign.org\/old\/consulta-de-personas-expertas-perspectivas-sobre-el-futuro-de-la-cedaw-gr-no-40\/\" class=\"liquid-overlay-link\">Consulta de expertas: Perspectivas sobre la futura Recomendaci\u00f3n General N\u00ba 40 del Comit\u00e9 CEDAW de Naciones Unidas.<\/a>\n\n<header class=\"liquid-lp-header\">\n\t<h2 class=\"entry-title liquid-lp-title font-weight-bold h3 size-sm\"><a  href=\"https:\/\/www.gqualcampaign.org\/old\/consulta-de-personas-expertas-perspectivas-sobre-el-futuro-de-la-cedaw-gr-no-40\/\" rel=\"bookmark\">Consulta de expertas: Perspectivas sobre la futura Recomendaci\u00f3n General N\u00ba 40 del Comit\u00e9 CEDAW de Naciones Unidas.<\/a><\/h2><\/header>\n\n\t\t\t<div class=\"liquid-lp-excerpt entry-summary \">\n\t\t\t\t<p>La semana pasada la Campa\u00f1a GQUAL organiz\u00f3 una consulta tem\u00e1tica de expertas en el marco del proceso<\/p>\n\t\t\t<\/div><!-- \/.latest-post-excerpt -->\n\t\t\n<footer class=\"liquid-lp-footer\">\n\t<a href=\"https:\/\/www.gqualcampaign.org\/old\/consulta-de-personas-expertas-perspectivas-sobre-el-futuro-de-la-cedaw-gr-no-40\/\" class=\"btn btn-naked text-uppercase ltr-sp-1 size-sm font-weight-bold liquid-lp-read-more\">\n\t\t<span>\n\t\t\t<span class=\"btn-line btn-line-before\"><\/span>\n\t\t\t<span class=\"btn-txt\">Continue Reading<\/span>\n\t\t\t<span class=\"btn-line btn-line-after\"><\/span>\n\t\t<\/span>\n\t<\/a>\n<\/footer><\/article><\/div><div class=\"col-md-6 masonry-item\"><article id=\"post-9596\" class=\"liquid-lp liquid-blog-item liquid-blog-item-timeline liquid-blog-scheme-dark liquid-blog-scheme-dark-alt post-9596 post type-post status-publish format-standard has-post-thumbnail hentry category-blog category-news tag-cedaw tag-genderequality\"><div class=\"liquid-lp-details\">\t\n\t<span><span class=\"screen-reader-text\">Tags <\/span><ul class=\"liquid-lp-category bordered text-uppercase size-sm ltr-sp-1\"><li><a href=\"https:\/\/www.gqualcampaign.org\/old\/tag\/cedaw\/\" rel=\"tag\">CEDAW<\/a><\/li><\/ul><\/span>\t<time class=\"published updated liquid-lp-date\" datetime=\"2023-09-29T06:27:49+00:00\">September 29, 2023<\/time><\/div><!-- \/.liquid-lp-details -->\n\n<figure class=\"liquid-lp-media \"  data-responsive-bg=\"true\" data-parallax=\"true\" data-parallax-options='{ \"parallaxBG\": true }'><a  href=\"https:\/\/www.gqualcampaign.org\/old\/expert-consultation-perspectives-on-cedaws-future-gr-no-40\/\"><img width=\"490\" height=\"300\" src=\"data:image\/svg+xml;charset=utf-8,&lt;svg xmlns%3D&#039;http%3A%2F%2Fwww.w3.org%2F2000%2Fsvg&#039; viewBox%3D&#039;0 0 490 300&#039;%2F&gt;\" class=\"attachment-liquid-timeline-blog size-liquid-timeline-blog ld-lazyload wp-post-image\" alt=\"\" decoding=\"async\" loading=\"lazy\" srcset=\"\" sizes=\"(max-width: 490px) 100vw, 490px\" data-src=\"https:\/\/www.gqualcampaign.org\/old\/wp-content\/uploads\/2023\/09\/IMG_8331-490x300.jpg\" data-srcset=\"https:\/\/www.gqualcampaign.org\/old\/wp-content\/uploads\/2023\/09\/IMG_8331-490x300.jpg 490w, https:\/\/www.gqualcampaign.org\/old\/wp-content\/uploads\/2023\/09\/IMG_8331-570x350.jpg 570w\" data-aspect=\"1.6333333333333\" \/><\/a><\/figure>\n<a href=\"https:\/\/www.gqualcampaign.org\/old\/expert-consultation-perspectives-on-cedaws-future-gr-no-40\/\" class=\"liquid-overlay-link\">Expert consultation: Perspectives on CEDAW\u00b4s  future General Recomendation No 40<\/a>\n\n<header class=\"liquid-lp-header\">\n\t<h2 class=\"entry-title liquid-lp-title font-weight-bold h3 size-sm\"><a  href=\"https:\/\/www.gqualcampaign.org\/old\/expert-consultation-perspectives-on-cedaws-future-gr-no-40\/\" rel=\"bookmark\">Expert consultation: Perspectives on CEDAW\u00b4s  future General Recomendation No 40<\/a><\/h2><\/header>\n\n\t\t\t<div class=\"liquid-lp-excerpt entry-summary \">\n\t\t\t\t<p>This week, the GQUAL Campaign hosted a thematic expert consultation at the American University Washington College of<\/p>\n\t\t\t<\/div><!-- \/.latest-post-excerpt -->\n\t\t\n<footer class=\"liquid-lp-footer\">\n\t<a href=\"https:\/\/www.gqualcampaign.org\/old\/expert-consultation-perspectives-on-cedaws-future-gr-no-40\/\" class=\"btn btn-naked text-uppercase ltr-sp-1 size-sm font-weight-bold liquid-lp-read-more\">\n\t\t<span>\n\t\t\t<span class=\"btn-line btn-line-before\"><\/span>\n\t\t\t<span class=\"btn-txt\">Continue Reading<\/span>\n\t\t\t<span class=\"btn-line btn-line-after\"><\/span>\n\t\t<\/span>\n\t<\/a>\n<\/footer><\/article><\/div><div class=\"col-md-6 masonry-item\"><article id=\"post-9583\" class=\"liquid-lp liquid-blog-item liquid-blog-item-timeline liquid-blog-scheme-dark liquid-blog-scheme-dark-alt post-9583 post type-post status-publish format-standard hentry category-resources\"><div class=\"liquid-lp-details\">\t\n\t\t<time class=\"published updated liquid-lp-date\" datetime=\"2023-09-22T21:26:40+00:00\">September 22, 2023<\/time><\/div><!-- \/.liquid-lp-details -->\n\n\n<a href=\"https:\/\/www.gqualcampaign.org\/old\/paper-analysis-cedaw-article-8\/\" class=\"liquid-overlay-link\">Paper analysis CEDAW Article 8<\/a>\n\n<header class=\"liquid-lp-header\">\n\t<h2 class=\"entry-title liquid-lp-title font-weight-bold h3 size-sm\"><a  href=\"https:\/\/www.gqualcampaign.org\/old\/paper-analysis-cedaw-article-8\/\" rel=\"bookmark\">Paper analysis CEDAW Article 8<\/a><\/h2><\/header>\n\n\t\t\t<div class=\"liquid-lp-excerpt entry-summary \">\n\t\t\t\t<p>The Potential of Article 8 of the CEDAW Convention to Guarantee Women\u2019s Equal Representation in International Representation<\/p>\n\t\t\t<\/div><!-- \/.latest-post-excerpt -->\n\t\t\n<footer class=\"liquid-lp-footer\">\n\t<a href=\"https:\/\/www.gqualcampaign.org\/old\/paper-analysis-cedaw-article-8\/\" class=\"btn btn-naked text-uppercase ltr-sp-1 size-sm font-weight-bold liquid-lp-read-more\">\n\t\t<span>\n\t\t\t<span class=\"btn-line btn-line-before\"><\/span>\n\t\t\t<span class=\"btn-txt\">Continue Reading<\/span>\n\t\t\t<span class=\"btn-line btn-line-after\"><\/span>\n\t\t<\/span>\n\t<\/a>\n<\/footer><\/article><\/div><div class=\"col-md-6 masonry-item\"><article id=\"post-9351\" class=\"liquid-lp liquid-blog-item liquid-blog-item-timeline liquid-blog-scheme-dark liquid-blog-scheme-dark-alt post-9351 post type-post status-publish format-standard hentry category-news tag-iachr tag-oas tag-parity\"><div class=\"liquid-lp-details\">\t\n\t<span><span class=\"screen-reader-text\">Tags <\/span><ul class=\"liquid-lp-category bordered text-uppercase size-sm ltr-sp-1\"><li><a href=\"https:\/\/www.gqualcampaign.org\/old\/tag\/iachr\/\" rel=\"tag\">IACHR<\/a><\/li><\/ul><\/span>\t<time class=\"published updated liquid-lp-date\" datetime=\"2023-05-02T20:10:00+00:00\">May 2, 2023<\/time><\/div><!-- \/.liquid-lp-details -->\n\n\n<a href=\"https:\/\/www.gqualcampaign.org\/old\/states-should-elect-members-of-the-iachr-taking-gender-parity-into-account\/\" class=\"liquid-overlay-link\">States should elect members of the IACHR taking gender parity into account<\/a>\n\n<header class=\"liquid-lp-header\">\n\t<h2 class=\"entry-title liquid-lp-title font-weight-bold h3 size-sm\"><a  href=\"https:\/\/www.gqualcampaign.org\/old\/states-should-elect-members-of-the-iachr-taking-gender-parity-into-account\/\" rel=\"bookmark\">States should elect members of the IACHR taking gender parity into account<\/a><\/h2><\/header>\n\n\t\t\t<div class=\"liquid-lp-excerpt entry-summary \">\n\t\t\t\t<p>At the next General Assembly of the Organization of American States (OAS) to be held in June<\/p>\n\t\t\t<\/div><!-- \/.latest-post-excerpt -->\n\t\t\n<footer class=\"liquid-lp-footer\">\n\t<a href=\"https:\/\/www.gqualcampaign.org\/old\/states-should-elect-members-of-the-iachr-taking-gender-parity-into-account\/\" class=\"btn btn-naked text-uppercase ltr-sp-1 size-sm font-weight-bold liquid-lp-read-more\">\n\t\t<span>\n\t\t\t<span class=\"btn-line btn-line-before\"><\/span>\n\t\t\t<span class=\"btn-txt\">Continue Reading<\/span>\n\t\t\t<span class=\"btn-line btn-line-after\"><\/span>\n\t\t<\/span>\n\t<\/a>\n<\/footer><\/article><\/div><\/div><!--\/ .row --><\/div><!--\/ .liquid-blog-posts -->[\/vc_column][\/vc_row][vc_row parallax=&#8221;enable_parallax&#8221; css=&#8221;.vc_custom_1534427432976{padding-top: 90px !important;padding-bottom: 90px !important;background-image: url(http:\/\/original.liquid-themes.com\/wp-content\/uploads\/2018\/08\/bg-min-1.jpg?id=3551) !important;background-position: center;background-repeat: no-repeat !important;background-size: cover !important;}&#8221;][vc_column align=&#8221;text-center&#8221; offset=&#8221;vc_col-md-offset-2 vc_col-md-8&#8243;]<style>.ld_fancy_heading_69fe1f363174e h2{font-size:48;font-weight:700;color:rgb(255, 255, 255);}@media (min-width: 992px) { .ld_fancy_heading_69fe1f363174e h2 {margin-bottom:0 !important;  }  } .ld_fancy_heading_69fe1f363174e .lqd-highlight-inner{height:0.275em;bottom:0px;}@media (min-width: 992px) { .ld_fancy_heading_69fe1f363174e h2 {margin-bottom:0 !important;  }  } <\/style><div class=\"ld-fancy-heading ld_fancy_heading_69fe1f363174e\">\n\t<h2 class=\"lqd-highlight-underline lqd-highlight-grow-left\" ><span class=\"ld-fh-txt\"> Love reading, keep reading<\/span><\/h2><\/div><style>.ld_fancy_heading_69fe1f36325ac p{font-size:24px;color:rgb(255, 255, 255);}.ld_fancy_heading_69fe1f36325ac .lqd-highlight-inner{height:0.275em;bottom:0px;}<\/style><div class=\"ld-fancy-heading ld_fancy_heading_69fe1f36325ac\">\n\t<p class=\"lqd-highlight-underline lqd-highlight-grow-left\" ><span class=\"ld-fh-txt\"> Get the latest articles delivered directly to your inbox!<\/span><\/p><\/div><style>.ld_spacer_69fe1f36332ae{height:22px;}<\/style>\n<div class=\"ld-empty-space ld_spacer_69fe1f36332ae\"><span class=\"liquid_empty_space_inner\"><\/span><\/div><style>.ld_newsletter_69fe1f363381a.ld-sf input{font-size:16px;}.ld_newsletter_69fe1f363381a.ld-sf .ld_sf_submit{font-size:14px;font-weight:700;letter-spacing:0.1em;}.ld_newsletter_69fe1f363381a.ld-sf input[type=\"email\"]{background:rgb(255, 255, 255);color:rgb(184, 190, 202);}.ld_newsletter_69fe1f363381a.ld-sf input[type=\"email\"]:focus{color:rgb(0, 0, 0);}.ld_newsletter_69fe1f363381a.ld-sf button.ld_sf_submit{background:rgb(24, 27, 49);color:rgb(255, 255, 255);}.ld_newsletter_69fe1f363381a.ld-sf buttont.ld_sf_submit:hover{background:rgb(0, 0, 0);color:rgb(255, 255, 255);}<\/style><div id=\"ld_newsletter_69fe1f363381a\" class=\"ld-sf ld-sf--input-solid ld-sf--button-solid ld-sf--size-md ld-sf--round ld-sf--border-thin ld-sf--button-show ld-sf--button-inside button-shrinked ld_newsletter_69fe1f363381a\" >\n\n\t<form id=\"ld_subscribe_form\" class=\"ld_sf_form\" method=\"post\" action=\"https:\/\/www.gqualcampaign.org\/old\/states-should-elect-members-of-the-iachr-taking-gender-parity-into-account\/\">\n\t\t<p class=\"ld_sf_paragraph\">\n\t\t\t<input type=\"email\" class=\"email\" class=\"ld_sf_text\" id=\"email\" name=\"email\" placeholder=\"Email Address\" value=\"\" \/>\n\t\t<\/p>\n\t\t<button type=\"submit\" class=\"ld_sf_submit\"><span class=\"submit-text\">Subscribe<\/span> <span class=\"ld-sf-spinner\"><span>Sending <\/span><\/span><\/button>\t\t<input type=\"hidden\" id=\"list_id\" class=\"list_id\" name=\"list_id\" value=\"\">\n\t\t<input type=\"hidden\" id=\"_wpnonce\" name=\"_wpnonce\" value=\"7a60639e2d\" \/><input type=\"hidden\" name=\"_wp_http_referer\" value=\"\/old\/wp-json\/wp\/v2\/pages\/3510\" \/>\t<\/form>\n\t<div class=\"ld_sf_response\"><\/div>\n<\/div>[\/vc_column][\/vc_row]<\/p>\n<\/section>","protected":false},"excerpt":{"rendered":"<p>[vc_row css=&#8221;.vc_custom_1540391911659{margin-top: -90px !important;padding-bottom: 90px !important;}&#8221;][vc_column][\/vc_column][\/vc_row][vc_row parallax=&#8221;enable_parallax&#8221; css=&#8221;.vc_custom_1534427432976{padding-top: 90px !important;padding-bottom: 90px !important;background-image: url(http:\/\/original.liquid-themes.com\/wp-content\/uploads\/2018\/08\/bg-min-1.jpg?id=3551) !important;background-position: center;background-repeat: no-repeat !important;background-size:<\/p>\n","protected":false},"author":1,"featured_media":0,"parent":0,"menu_order":0,"comment_status":"closed","ping_status":"closed","template":"","meta":[],"_links":{"self":[{"href":"https:\/\/www.gqualcampaign.org\/old\/wp-json\/wp\/v2\/pages\/3510"}],"collection":[{"href":"https:\/\/www.gqualcampaign.org\/old\/wp-json\/wp\/v2\/pages"}],"about":[{"href":"https:\/\/www.gqualcampaign.org\/old\/wp-json\/wp\/v2\/types\/page"}],"author":[{"embeddable":true,"href":"https:\/\/www.gqualcampaign.org\/old\/wp-json\/wp\/v2\/users\/1"}],"replies":[{"embeddable":true,"href":"https:\/\/www.gqualcampaign.org\/old\/wp-json\/wp\/v2\/comments?post=3510"}],"version-history":[{"count":0,"href":"https:\/\/www.gqualcampaign.org\/old\/wp-json\/wp\/v2\/pages\/3510\/revisions"}],"wp:attachment":[{"href":"https:\/\/www.gqualcampaign.org\/old\/wp-json\/wp\/v2\/media?parent=3510"}],"curies":[{"name":"wp","href":"https:\/\/api.w.org\/{rel}","templated":true}]}}